{"id":44,"date":"2024-04-28T20:16:33","date_gmt":"2024-04-28T17:16:33","guid":{"rendered":"https:\/\/minikelleraslianaokulu.com\/tur\/?page_id=44"},"modified":"2024-04-28T22:12:03","modified_gmt":"2024-04-28T19:12:03","slug":"yorumlar","status":"publish","type":"page","link":"https:\/\/minikelleraslianaokulu.com\/tur\/hikayemiz\/yorumlar\/","title":{"rendered":"Yorumlar"},"content":{"rendered":"\t\t<div data-elementor-type=\"wp-page\" data-elementor-id=\"44\" class=\"elementor elementor-44\" data-elementor-post-type=\"page\">\n\t\t\t\t<div class=\"elementor-element elementor-element-8429696 e-flex e-con-boxed e-con e-parent\" data-id=\"8429696\" data-element_type=\"container\" data-e-type=\"container\">\n\t\t\t\t\t<div class=\"e-con-inner\">\n\t\t\t\t<div class=\"elementor-element elementor-element-380c639 elementor-widget elementor-widget-heading\" data-id=\"380c639\" data-element_type=\"widget\" data-e-type=\"widget\" data-widget_type=\"heading.default\">\n\t\t\t\t<div class=\"elementor-widget-container\">\n\t\t\t\t\t<h2 class=\"elementor-heading-title elementor-size-default\">Yorumlar<\/h2>\t\t\t\t<\/div>\n\t\t\t\t<\/div>\n\t\t\t\t\t<\/div>\n\t\t\t\t<\/div>\n\t\t<div class=\"elementor-element elementor-element-5e6e366 e-flex e-con-boxed e-con e-parent\" data-id=\"5e6e366\" data-element_type=\"container\" data-e-type=\"container\">\n\t\t\t\t\t<div class=\"e-con-inner\">\n\t\t\t\t<div class=\"elementor-element elementor-element-84aa9bf elementor-widget elementor-widget-text-editor\" data-id=\"84aa9bf\" data-element_type=\"widget\" data-e-type=\"widget\" data-widget_type=\"text-editor.default\">\n\t\t\t\t<div class=\"elementor-widget-container\">\n\t\t\t\t\t\t\t\t\t<p>O\u011flum kre\u015fe ba\u015flad\u0131, 2016 aral\u0131k ay\u0131 idi;<br \/>\u00e7ok candan bir \u00f6\u011fretmenimiz vard\u0131.grubundaki \u00e7ocuklar hep benzer aylarda. o\u011flumu yar\u0131m g\u00fcnl\u00fck s\u00fcreler halinde\u00a0kre\u015fe al\u0131\u015ft\u0131rmaya ba\u015flad\u0131k.3 g\u00fcnd\u00fc ve gidi\u015fat umdu\u011fumdan da g\u00fczel gidiyordu, bi anda tam g\u00fcne ge\u00e7iverdik.<br \/>3. g\u00fcn\u201dsanki aylard\u0131r bizimle ,hi\u00e7 yabanc\u0131l\u0131k \u00e7ekmiyor inan\u0131n.biz \u00e7ok e\u011fleniyoruz onunla\u201ddemesi beni huzurun zirvelerine \u00e7\u0131kard\u0131 adeta.<br \/>\u00fcstelik kahvalt\u0131 ve \u00f6\u011flen yemek yeme konusunda s\u0131k\u0131nt\u0131 da ya\u015fatm\u0131yormu\u015f.\u015f\u00fck\u00fcrler olsun.ben bu g\u00fcnleri g\u00f6recek miydim?<\/p><p>Eee anas\u0131 bunca sosyal olursa o\u011fluda girdi\u011fi ortamda hemen kayna\u015f\u0131r tabi.kesin bana \u00e7ekmi\u015f:)<\/p><p>\u00e7ocu\u011funuz varsa bir kre\u015fte \u015funlar\u0131 bunlar\u0131 aramal\u0131s\u0131n\u0131z diyen bir yaz\u0131 de\u011fildi bu fark\u0131nday\u0131m.zaten \u00f6yle bir yaz\u0131 yazma niyetinde de\u011fildim.bu ya\u015flarda olan bir \u00e7ocu\u011fun iyi bir bak\u0131m almas\u0131n\u0131n temelinde ilgi ve sevgi yan\u0131 s\u0131ra Atat\u00fcrk\u2019\u00fcn izinde bir nesil yeti\u015ftirmeyi hedeflemesi yeterli bence.temiz,eli y\u00fcz\u00fc d\u00fczg\u00fcn,g\u00fczel ve ak\u0131c\u0131 bir t\u00fcrk\u00e7eye sahip,g\u00fclery\u00fczl\u00fc,ne\u015feli\u00a0 ve en \u00e7ok da \u00e7ocuklar\u0131 sevdi\u011fi besbelli olan bir \u00f6\u011fretmen ve bu \u00f6zelliklere sahip her kre\u015f en ideal kre\u015ftir benim kanaatime g\u00f6re.<\/p><p>en do\u011fru\u00a0s\u00f6ylemiyle sabahlar\u0131 \u00e7ocu\u011funuzu\u00a0huzurla b\u0131rakabilece\u011finiz,d\u00f6nd\u00fc\u011f\u00fcn\u00fczde onun y\u00fcz\u00fcnde g\u00fcller a\u00e7t\u0131\u011f\u0131n\u0131 g\u00f6rebilece\u011finiz bir kre\u015f bulabildiyseniz sizden \u015fansl\u0131s\u0131 yoktur.bundan sonras\u0131 ancak resimlerimizle\u00a0nokta olur.Do\u011fru yerdeyiz diyebiliyorsak \u015f\u00fck\u00fcrler olsun. Sevgili kurucumuz Asl\u0131 Molla ve t\u00fcm \u00f6\u011fretmenlerimize sevgilerimizle sizi seviyoruz.<\/p><p>U\u00e7an Balonlar s\u0131n\u0131f\u0131 2016 velisi Ceyda \u015e.<\/p>\t\t\t\t\t\t\t\t<\/div>\n\t\t\t\t<\/div>\n\t\t\t\t<div class=\"elementor-element elementor-element-237702a elementor-widget-divider--view-line_icon elementor-view-default elementor-widget-divider--element-align-center elementor-widget elementor-widget-divider\" data-id=\"237702a\" data-element_type=\"widget\" data-e-type=\"widget\" data-widget_type=\"divider.default\">\n\t\t\t\t<div class=\"elementor-widget-container\">\n\t\t\t\t\t\t\t<div class=\"elementor-divider\">\n\t\t\t<span class=\"elementor-divider-separator\">\n\t\t\t\t\t\t\t<div class=\"elementor-icon elementor-divider__element\">\n\t\t\t\t\t<svg aria-hidden=\"true\" class=\"e-font-icon-svg e-fas-heart\" viewBox=\"0 0 512 512\" xmlns=\"http:\/\/www.w3.org\/2000\/svg\"><path d=\"M462.3 62.6C407.5 15.9 326 24.3 275.7 76.2L256 96.5l-19.7-20.3C186.1 24.3 104.5 15.9 49.7 62.6c-62.8 53.6-66.1 149.8-9.9 207.9l193.5 199.8c12.5 12.9 32.8 12.9 45.3 0l193.5-199.8c56.3-58.1 53-154.3-9.8-207.9z\"><\/path><\/svg><\/div>\n\t\t\t\t\t\t<\/span>\n\t\t<\/div>\n\t\t\t\t\t\t<\/div>\n\t\t\t\t<\/div>\n\t\t\t\t<div class=\"elementor-element elementor-element-ed48761 elementor-widget elementor-widget-text-editor\" data-id=\"ed48761\" data-element_type=\"widget\" data-e-type=\"widget\" data-widget_type=\"text-editor.default\">\n\t\t\t\t<div class=\"elementor-widget-container\">\n\t\t\t\t\t\t\t\t\t<p>Asl\u0131 anaokuluna ba\u015flad\u0131\u011f\u0131m\u0131zda k\u0131z\u0131m 3.5 ya\u015f\u0131ndayd\u0131 ve her anne gibi korkular\u0131m oldu al\u0131\u015fma d\u00f6nemi nas\u0131l ge\u00e7i\u00e7ek nas\u0131l de\u011fi\u015fimlere sebep olacak diye ama Asl\u0131 han\u0131m Hilal han\u0131m ve di\u011fer ekip \u00e7al\u0131\u015fanlar\u0131n\u0131n \u00f6zverileri ile k\u0131z\u0131mdaki b\u00fcy\u00fck de\u011fi\u015fimi \u00f6zg\u00fcveni kurallara uyumunu g\u00f6r\u00fcnce anlad\u0131m ki asl\u0131 anokulunu se\u00e7mekle do\u011fru bir karar vermi\u015fiz.bize her konuda destek olan asl\u0131 han\u0131m hilal han\u0131m ve di\u011fer arkada\u015flara \u00e7ok ama \u00e7ok t\u015fk ederiz.<\/p><p>Ald\u0131\u011f\u0131m\u0131z okul \u00f6ncesi e\u011fitimin \u015fuan \u00e7ok faydal\u0131 oldu\u011funu bir kez daha anlad\u0131m hepsinin y\u00fcre\u011fine yeme\u011fine sa\u011fl\u0131k\u2026\u2026.<\/p><p>Elma \u015eekerleri s\u0131n\u0131f\u0131 2014-2017 Velisi Aksel D.<\/p>\t\t\t\t\t\t\t\t<\/div>\n\t\t\t\t<\/div>\n\t\t\t\t<div class=\"elementor-element elementor-element-6dd02b0 elementor-widget-divider--view-line_icon elementor-view-default elementor-widget-divider--element-align-center elementor-widget elementor-widget-divider\" data-id=\"6dd02b0\" data-element_type=\"widget\" data-e-type=\"widget\" data-widget_type=\"divider.default\">\n\t\t\t\t<div class=\"elementor-widget-container\">\n\t\t\t\t\t\t\t<div class=\"elementor-divider\">\n\t\t\t<span class=\"elementor-divider-separator\">\n\t\t\t\t\t\t\t<div class=\"elementor-icon elementor-divider__element\">\n\t\t\t\t\t<svg aria-hidden=\"true\" class=\"e-font-icon-svg e-fas-heart\" viewBox=\"0 0 512 512\" xmlns=\"http:\/\/www.w3.org\/2000\/svg\"><path d=\"M462.3 62.6C407.5 15.9 326 24.3 275.7 76.2L256 96.5l-19.7-20.3C186.1 24.3 104.5 15.9 49.7 62.6c-62.8 53.6-66.1 149.8-9.9 207.9l193.5 199.8c12.5 12.9 32.8 12.9 45.3 0l193.5-199.8c56.3-58.1 53-154.3-9.8-207.9z\"><\/path><\/svg><\/div>\n\t\t\t\t\t\t<\/span>\n\t\t<\/div>\n\t\t\t\t\t\t<\/div>\n\t\t\t\t<\/div>\n\t\t\t\t<div class=\"elementor-element elementor-element-35ca0f8 elementor-widget elementor-widget-text-editor\" data-id=\"35ca0f8\" data-element_type=\"widget\" data-e-type=\"widget\" data-widget_type=\"text-editor.default\">\n\t\t\t\t<div class=\"elementor-widget-container\">\n\t\t\t\t\t\t\t\t\t<p>K\u0131z\u0131m i\u00e7in her \u015feyin en iyisini istedim. Her anne gibi\u2026 Tabii ki her anne gibi okul kayg\u0131s\u0131 da ya\u015fad\u0131m. Bir arkada\u015f vas\u0131tas\u0131yla yolumuz Asl\u0131 Anaokuluna \u00e7\u0131kt\u0131. \u0130lk g\u00fcn g\u00fcler y\u00fczl\u00fc, \u00e7a\u011fda\u015f bir m\u00fcdire \u2013 ki o \u00e7ok iyi bir anne \u2013 ve \u00f6zverili personeli kar\u015f\u0131lad\u0131 bizi.<\/p><p>Asl\u0131 han\u0131m sab\u0131rla dinledi beni. Kayg\u0131lar\u0131m\u0131 anlad\u0131\u011f\u0131n\u0131 hissettim. Sonra odaya g\u00fczel bir anne, vizyon sahibi bir \u00f6\u011fretmen girdi: Hilal \u00f6\u011fretmen. \u0130yi ki geldi. Og\u00fcn ba\u015flad\u0131 k\u0131z\u0131m\u0131n \u015fans\u0131. Bir kez bile \u201cacaba?\u201d dedirtmedi bana bu g\u00fczel insanlar.<\/p><p>\u00d6nce bir anne, sonra bir \u00f6\u011fretmen olarak yaz\u0131yorum bunlar\u0131. K\u0131z\u0131m her g\u00fcn ba\u015fka g\u00fczellikle geldi eve. \u00d6\u011fretmenimiz \u00f6yle g\u00fczel, \u00f6yle ba\u015far\u0131l\u0131 ve yarat\u0131c\u0131 etkinlikler yapt\u0131rd\u0131\u011f\u0131 k\u0131z\u0131m her faaliyette e\u011flendi. Dolay\u0131s\u0131yla da \u00f6\u011frendi. Mutlu oldu, \u00e7ocuklu\u011funuz ya\u015fayarak \u00f6\u011frendi.<\/p><p>\u015eu an k\u0131z\u0131m 1. S\u0131n\u0131fa gidiyor. Gayet ba\u015far\u0131l\u0131, en \u00f6nemlisi mutlu ve \u00f6\u011frenmeye hevesli bir \u00e7ocuk. 1. S\u0131n\u0131f sendromunu hi\u00e7 ya\u015famad\u0131k diyebilirim. Bu noktada Asl\u0131 anaokuluna \u00e7ok \u015fey bor\u00e7luyum. Tek ke\u015fkem, ke\u015fke daha \u00f6nce girseydik o kap\u0131dan. Biz dolu dolu bir y\u0131l ge\u00e7irdik. Mutlu ve huzurlu bir y\u0131l\u2026<\/p><p>Hala kapamad\u0131k, ailemiz oldular. Ger\u00e7ekten aile olduk.<\/p><p>\u0130nan\u0131r m\u0131s\u0131n\u0131z? Hala k\u0131z\u0131m hakk\u0131nda kararlar al\u0131rken bu g\u00fczel insanlarla kar\u015f\u0131la\u015fmam gelir akl\u0131ma.<\/p><p>\u201cAnne olarak kalbimi, \u00f6\u011fretmen olarak akl\u0131m\u0131 kulland\u0131m\u201d Derim.<\/p><p>\u0130kiside asl\u0131 anaokulu a \u00e7\u0131kard\u0131 yolumu.<\/p><p>\u0130yi ki girdim o kap\u0131dan.<\/p><p>Sevgiler.<\/p><p>Elma \u015eekerleri s\u0131n\u0131f\u0131 2016 velisi \u00d6zg\u00fc G.<\/p>\t\t\t\t\t\t\t\t<\/div>\n\t\t\t\t<\/div>\n\t\t\t\t<div class=\"elementor-element elementor-element-6a4ecb0 elementor-widget-divider--view-line_icon elementor-view-default elementor-widget-divider--element-align-center elementor-widget elementor-widget-divider\" data-id=\"6a4ecb0\" data-element_type=\"widget\" data-e-type=\"widget\" data-widget_type=\"divider.default\">\n\t\t\t\t<div class=\"elementor-widget-container\">\n\t\t\t\t\t\t\t<div class=\"elementor-divider\">\n\t\t\t<span class=\"elementor-divider-separator\">\n\t\t\t\t\t\t\t<div class=\"elementor-icon elementor-divider__element\">\n\t\t\t\t\t<svg aria-hidden=\"true\" class=\"e-font-icon-svg e-fas-heart\" viewBox=\"0 0 512 512\" xmlns=\"http:\/\/www.w3.org\/2000\/svg\"><path d=\"M462.3 62.6C407.5 15.9 326 24.3 275.7 76.2L256 96.5l-19.7-20.3C186.1 24.3 104.5 15.9 49.7 62.6c-62.8 53.6-66.1 149.8-9.9 207.9l193.5 199.8c12.5 12.9 32.8 12.9 45.3 0l193.5-199.8c56.3-58.1 53-154.3-9.8-207.9z\"><\/path><\/svg><\/div>\n\t\t\t\t\t\t<\/span>\n\t\t<\/div>\n\t\t\t\t\t\t<\/div>\n\t\t\t\t<\/div>\n\t\t\t\t\t<\/div>\n\t\t\t\t<\/div>\n\t\t\t\t<\/div>\n\t\t","protected":false},"excerpt":{"rendered":"<p>Yorumlar O\u011flum kre\u015fe ba\u015flad\u0131, 2016 aral\u0131k ay\u0131 idi;\u00e7ok candan bir \u00f6\u011fretmenimiz vard\u0131.grubundaki \u00e7ocuklar hep benzer aylarda. o\u011flumu yar\u0131m g\u00fcnl\u00fck s\u00fcreler halinde\u00a0kre\u015fe al\u0131\u015ft\u0131rmaya ba\u015flad\u0131k.3 g\u00fcnd\u00fc ve gidi\u015fat umdu\u011fumdan da g\u00fczel gidiyordu, bi anda tam g\u00fcne ge\u00e7iverdik.3. g\u00fcn\u201dsanki aylard\u0131r bizimle ,hi\u00e7 yabanc\u0131l\u0131k \u00e7ekmiyor inan\u0131n.biz \u00e7ok e\u011fleniyoruz onunla\u201ddemesi beni huzurun zirvelerine \u00e7\u0131kard\u0131 adeta.\u00fcstelik kahvalt\u0131 ve \u00f6\u011flen yemek yeme [&hellip;]<\/p>\n","protected":false},"author":1,"featured_media":0,"parent":32,"menu_order":0,"comment_status":"closed","ping_status":"closed","template":"","meta":{"footnotes":""},"class_list":["post-44","page","type-page","status-publish","hentry"],"_links":{"self":[{"href":"https:\/\/minikelleraslianaokulu.com\/tur\/wp-json\/wp\/v2\/pages\/44","targetHints":{"allow":["GET"]}}],"collection":[{"href":"https:\/\/minikelleraslianaokulu.com\/tur\/wp-json\/wp\/v2\/pages"}],"about":[{"href":"https:\/\/minikelleraslianaokulu.com\/tur\/wp-json\/wp\/v2\/types\/page"}],"author":[{"embeddable":true,"href":"https:\/\/minikelleraslianaokulu.com\/tur\/wp-json\/wp\/v2\/users\/1"}],"replies":[{"embeddable":true,"href":"https:\/\/minikelleraslianaokulu.com\/tur\/wp-json\/wp\/v2\/comments?post=44"}],"version-history":[{"count":4,"href":"https:\/\/minikelleraslianaokulu.com\/tur\/wp-json\/wp\/v2\/pages\/44\/revisions"}],"predecessor-version":[{"id":120,"href":"https:\/\/minikelleraslianaokulu.com\/tur\/wp-json\/wp\/v2\/pages\/44\/revisions\/120"}],"up":[{"embeddable":true,"href":"https:\/\/minikelleraslianaokulu.com\/tur\/wp-json\/wp\/v2\/pages\/32"}],"wp:attachment":[{"href":"https:\/\/minikelleraslianaokulu.com\/tur\/wp-json\/wp\/v2\/media?parent=44"}],"curies":[{"name":"wp","href":"https:\/\/api.w.org\/{rel}","templated":true}]}}