{"id":42,"date":"2024-04-28T20:16:21","date_gmt":"2024-04-28T17:16:21","guid":{"rendered":"https:\/\/minikelleraslianaokulu.com\/tur\/?page_id=42"},"modified":"2024-04-28T22:06:58","modified_gmt":"2024-04-28T19:06:58","slug":"hedeflerimiz","status":"publish","type":"page","link":"https:\/\/minikelleraslianaokulu.com\/tur\/hikayemiz\/hedeflerimiz\/","title":{"rendered":"Hedeflerimiz"},"content":{"rendered":"\t\t<div data-elementor-type=\"wp-page\" data-elementor-id=\"42\" class=\"elementor elementor-42\" data-elementor-post-type=\"page\">\n\t\t\t\t<div class=\"elementor-element elementor-element-07986b6 e-flex e-con-boxed e-con e-parent\" data-id=\"07986b6\" data-element_type=\"container\" data-e-type=\"container\">\n\t\t\t\t\t<div class=\"e-con-inner\">\n\t\t\t\t<div class=\"elementor-element elementor-element-1fec898 elementor-widget elementor-widget-heading\" data-id=\"1fec898\" data-element_type=\"widget\" data-e-type=\"widget\" data-widget_type=\"heading.default\">\n\t\t\t\t<div class=\"elementor-widget-container\">\n\t\t\t\t\t<h2 class=\"elementor-heading-title elementor-size-default\">Hedeflerimiz<\/h2>\t\t\t\t<\/div>\n\t\t\t\t<\/div>\n\t\t\t\t\t<\/div>\n\t\t\t\t<\/div>\n\t\t<div class=\"elementor-element elementor-element-31eddbe e-flex e-con-boxed e-con e-parent\" data-id=\"31eddbe\" data-element_type=\"container\" data-e-type=\"container\">\n\t\t\t\t\t<div class=\"e-con-inner\">\n\t\t\t\t<div class=\"elementor-element elementor-element-19ae1b1 elementor-widget elementor-widget-text-editor\" data-id=\"19ae1b1\" data-element_type=\"widget\" data-e-type=\"widget\" data-widget_type=\"text-editor.default\">\n\t\t\t\t<div class=\"elementor-widget-container\">\n\t\t\t\t\t\t\t\t\t<p>\u00c7ocuklar\u0131m\u0131z\u00a0i\u00e7in koydu\u011fumuz hedef, onlar\u0131 a\u015fa\u011f\u0131daki yeminini gururla ve inan\u00e7la s\u00f6yleyebilecek seviyeye getirmektir :<\/p><p>\u2013 BEN M\u0130N\u0130K ELLER ASLI ANAOKULU \u00d6\u011eRENC\u0130S\u0130 OLARAK<\/p><p>\u2013 Ya\u015fad\u0131\u011f\u0131m topluma ve d\u00fcnyaya sayg\u0131l\u0131,<\/p><p>\u2013 \u0130nsan, hayvan ve do\u011fa haklar\u0131n\u0131 koruyan,<\/p><p>\u2013 Her zaman \u00fcreten ve \u00e7al\u0131\u015fan,<\/p><p>\u2013 Problem de\u011fil \u00e7\u00f6z\u00fcm bulan,<\/p><p>\u2013 Yarat\u0131c\u0131 d\u00fc\u015f\u00fcnebilen,<\/p><p>\u2013 Vatan\u0131m\u0131 seven ve Atat\u00fcrk\u2019\u00fcn izinde,<\/p><p>\u2013 Her zaman ne\u015feli ve mutlu bir insan olaca\u011f\u0131ma s\u00f6z veriyorum\u2026<\/p><p><strong>Velilerimiz<\/strong>\u00a0i\u00e7in koydu\u011fumuz hedef, onlar\u0131n biricik varl\u0131klar\u0131n\u0131 onlar ad\u0131na topluma ve hayata haz\u0131rlarken bir taraftan da ebeveyn olman\u0131n sorumluluklar\u0131n\u0131 hat\u0131rlatmak ve \u00f6rnek bir yeti\u015fkin olman\u0131n fark\u0131ndal\u0131\u011f\u0131n\u0131 geli\u015ftirmektir\u2026<\/p><p><strong>E\u011fitim sekt\u00f6r\u00fc<\/strong>\u00a0i\u00e7in koydu\u011fumuz hedef ise, okul \u00f6ncesi e\u011fitimin \u00e7ocuklar\u0131n geli\u015fimi i\u00e7in ne kadar \u00f6nemli oldu\u011funu t\u00fcm T\u00fcrkiye\u2019ye yayabilmek ve bunu da ara\u015ft\u0131rmac\u0131, yenilik\u00e7i , geli\u015ftirici \u00a0ve enerji dolu bir ruh ile yapabilmektir\u2026<\/p>\t\t\t\t\t\t\t\t<\/div>\n\t\t\t\t<\/div>\n\t\t\t\t\t<\/div>\n\t\t\t\t<\/div>\n\t\t\t\t<\/div>\n\t\t","protected":false},"excerpt":{"rendered":"<p>Hedeflerimiz \u00c7ocuklar\u0131m\u0131z\u00a0i\u00e7in koydu\u011fumuz hedef, onlar\u0131 a\u015fa\u011f\u0131daki yeminini gururla ve inan\u00e7la s\u00f6yleyebilecek seviyeye getirmektir : \u2013 BEN M\u0130N\u0130K ELLER ASLI ANAOKULU \u00d6\u011eRENC\u0130S\u0130 OLARAK \u2013 Ya\u015fad\u0131\u011f\u0131m topluma ve d\u00fcnyaya sayg\u0131l\u0131, \u2013 \u0130nsan, hayvan ve do\u011fa haklar\u0131n\u0131 koruyan, \u2013 Her zaman \u00fcreten ve \u00e7al\u0131\u015fan, \u2013 Problem de\u011fil \u00e7\u00f6z\u00fcm bulan, \u2013 Yarat\u0131c\u0131 d\u00fc\u015f\u00fcnebilen, \u2013 Vatan\u0131m\u0131 seven ve Atat\u00fcrk\u2019\u00fcn izinde, [&hellip;]<\/p>\n","protected":false},"author":1,"featured_media":0,"parent":32,"menu_order":0,"comment_status":"closed","ping_status":"closed","template":"","meta":{"footnotes":""},"class_list":["post-42","page","type-page","status-publish","hentry"],"_links":{"self":[{"href":"https:\/\/minikelleraslianaokulu.com\/tur\/wp-json\/wp\/v2\/pages\/42","targetHints":{"allow":["GET"]}}],"collection":[{"href":"https:\/\/minikelleraslianaokulu.com\/tur\/wp-json\/wp\/v2\/pages"}],"about":[{"href":"https:\/\/minikelleraslianaokulu.com\/tur\/wp-json\/wp\/v2\/types\/page"}],"author":[{"embeddable":true,"href":"https:\/\/minikelleraslianaokulu.com\/tur\/wp-json\/wp\/v2\/users\/1"}],"replies":[{"embeddable":true,"href":"https:\/\/minikelleraslianaokulu.com\/tur\/wp-json\/wp\/v2\/comments?post=42"}],"version-history":[{"count":4,"href":"https:\/\/minikelleraslianaokulu.com\/tur\/wp-json\/wp\/v2\/pages\/42\/revisions"}],"predecessor-version":[{"id":117,"href":"https:\/\/minikelleraslianaokulu.com\/tur\/wp-json\/wp\/v2\/pages\/42\/revisions\/117"}],"up":[{"embeddable":true,"href":"https:\/\/minikelleraslianaokulu.com\/tur\/wp-json\/wp\/v2\/pages\/32"}],"wp:attachment":[{"href":"https:\/\/minikelleraslianaokulu.com\/tur\/wp-json\/wp\/v2\/media?parent=42"}],"curies":[{"name":"wp","href":"https:\/\/api.w.org\/{rel}","templated":true}]}}